the remainder when 76004 is divided by 623.
621
What is the remainder when 54531 is divided by 159?
153
What is the remainder when 2889116 is divided by 21?
20
What is the remainder when 108886 is divided by 18?
4
What is the remainder when 42727 is divided by 56?
55
Calculate the remainder when 3734 is divided by 1013.
695
What is the remainder when 157952 is divided by 6075?
2
What is the remainder when 20997 is divided by 35?
32
Calculate the remainder when 7703 is divided by 62.
15
What is the remainder when 8437 is divided by 811?
327
Calculate the remainder when 228545 is divided by 197.
25
What is the remainder when 651377 is divided by 651369?
8
Calculate the remainder when 440169 is divided by 110040.
9
Calculate the remainder when 6507 is divided by 656.
603
Calculate the remainder when 2600 is divided by 437.
415
Calculate the remainder when 1355963 is divided by 2.
1
Calculate the remainder when 400719 is divided by 49.
46
What is the remainder when 2233 is divided by 740?
13
Calculate the remainder when 16221 is divided by 5326.
243
Calculate the remainder when 66230 is divided by 98.
80
Calculate the remainder when 58751 is divided by 24.
23
What is the remainder when 3251 is divided by 1617?
17
Calculate the remainder when 35945 is divided by 590.
545
What is the remainder when 7132 is divided by 3182?
768
Calculate the remainder when 618665 is divided by 13163.
4
Calculate the remainder when 11949 is divided by 1529.
1246
Calculate the remainder when 97359 is divided by 716.
699
What is the remainder when 1734 is divided by 131?
31
Calculate the remainder when 248984 is divided by 82993.
5
What is the remainder when 1371 is divided by 780?
591
What is the remainder when 12024 is divided by 3972?
108
Calculate the remainder when 1355689 is divided by 26.
23
Calculate the remainder when 1113 is divided by 143.
112
What is the remainder when 967 is divided by 823?
144
What is the remainder when 14862 is divided by 175?
162
Calculate the remainder when 93485 is divided by 588.
581
What is the remainder when 305345 is divided by 532?
509
What is the remainder when 8693 is divided by 1225?
118
What is the remainder when 12039 is divided by 530?
379
What is the remainder when 35387 is divided by 753?
749
What is the remainder when 5991 is divided by 21?
6
Calculate the remainder when 3808 is divided by 174.
154
Calculate the remainder when 93905 is divided by 17.
14
Calculate the remainder when 8034 is divided by 51.
27
What is the remainder when 1098235 is divided by 643?
634
What is the remainder when 130015 is divided by 239?
238
Calculate the remainder when 2856 is divided by 127.
62
What is the remainder when 21133 is divided by 25?
8
Calculate the remainder when 30706 is divided by 10229.
19
What is the remainder when 2775 is divided by 924?
3
Calculate the remainder when 1941 is divided by 861.
219
Calculate the remainder when 43721 is divided by 140.
41
Calculate the remainder when 15100 is divided by 1676.
16
Calculate the remainder when 4987 is divided by 220.
147
Calculate the remainder when 15097 is divided by 100.
97
What is the remainder when 41654 is divided by 159?
155
What is the remainder when 879 is divided by 597?
282
Calculate the remainder when 45908 is divided by 45893.
15
Calculate the remainder when 5837 is divided by 1099.
342
Calculate the remainder when 110666 is divided by 112.
10
Calculate the remainder when 29768 is divided by 792.
464
What is the remainder when 1628 is divided by 1612?
16
Calculate the remainder when 29859 is divided by 63.
60
What is the remainder when 17733 is divided by 285?
63
Calculate the remainder when 62850 is divided by 733.
545
What is the remainder when 106556 is divided by 334?
10
What is the remainder when 3645 is divided by 19?
16
What is the remainder when 29248 is divided by 279?
232
What is the remainder when 5832 is divided by 364?
8
Calculate the remainder when 15544 is divided by 840.
424
Calculate the remainder when 54885 is divided by 980.
5
What is the remainder when 4281 is divided by 156?
69
What is the remainder when 11458 is divided by 19?
1
Calculate the remainder when 35204 is divided by 11723.
35
Calculate the remainder when 786090 is divided by 412.
406
What is the remainder when 47975 is divided by 3995?
35
What is the remainder when 11376 is divided by 165?
156
Calculate the remainder when 193498 is divided by 500.
498
Calculate the remainder when 27924 is divided by 4648.
36
Calculate the remainder when 182735 is divided by 324.
323
Calculate the remainder when 4989 is divided by 145.
59
What is the remainder when 6326 is divided by 1577?
18
Calculate the remainder when 1776 is divided by 424.
80
What is the remainder when 61130 is divided by 124?
122
What is the remainder when 390390 is divided by 6006?
0
Calculate the remainder when 7843 is divided by 44.
11
Calculate the remainder when 35786 is divided by 46.
44
Calculate the remainder when 2943 is divided by 128.
127
Calculate the remainder when 220 is divided by 30.
10
What is the remainder when 1001 is divided by 527?
474
What is the remainder when 11141 is divided by 10732?
409
Calculate the remainder when 3512 is divided by 482.
138
What is the remainder when 23237563 is divided by 49?
48
Calculate the remainder when 1332 is divided by 1229.
103
Calculate the remainder when 5113 is divided by 29.
9
What is the remainder when 818 is divided by 266?
20
What is the remainder when 550 is divided by 320?
230
What is the remainder when 5110 is divided by 54?
34
Calculate the remainder when 13937 is divided by 13820.
117
What is the remainder when 2048 is divided by 506?
24
What is the remainder when 19940 is divided by 7?
4
What is the remainder when 8140 is divided by 505?
60
Calculate the remainder when 14312 is divided by 34.
32
Calculate the remainder when 7431 is divided by 7352.
79
Calculate the remainder when 184760 is divided by 73.
70
Calculate the remainder when 2277 is divided by 152.
149
Calculate the remainder when 296227 is divided by 74.
5
What is the remainder when 15645 is divided by 827?
759
Calculate the remainder when 11675 is divided by 8.
3
Calculate the remainder when 100222 is divided by 116.
114
What is the remainder when 3153 is divided by 528?
513
Calculate the remainder when 2454 is divided by 446.
224
What is the remainder when 27943 is divided by 1908?
1231
What is the remainder when 963 is divided by 311?
30
What is the remainder when 204843 is divided by 617?
616
What is the remainder when 189 is divided by 20?
9
What is the remainder when 7661 is divided by 90?
11
Calculate the remainder when 3774 is divided by 12.
6
What is the remainder when 889379 is divided by 30?
29
What is the remainder when 21156 is divided by 15?
6
Calculate the remainder when 505166 is divided by 5874.
2
Calculate the remainder when 25292 is divided by 8371.
179
What is the remainder when 5210 is divided by 1685?
155
What is the remainder when 5527 is divided by 547?
57
What is the remainder when 72642 is divided by 143?
141
What is the remainder when 56999 is divided by 25?
24
Calculate the remainder when 3953 is divided by 54.
11
What is the remainder when 8219 is divided by 394?
339
Calculate the remainder when 23066 is divided by 23059.
7
What is the remainder when 41928 is divided by 2619?
24
What is the remainder when 152811 is divided by 3820?
11
Calculate the remainder when 440812 is divided by 89.
84
Calculate the remainder when 18978 is divided by 20.
18
Calculate the remainder when 50170 is divided by 452.
450
What is the remainder when 948 is divided by 66?
24
What is the remainder when 716846 is divided by 81?
77
What is the remainder when 66465 is divided by 22135?
60
Calculate the remainder when 8194 is divided by 915.
874
What is the remainder when 45973 is divided by 418?
411
Calculate the remainder when 379 is divided by 82.
51
Calculate the remainder when 159088 is divided by 39771.
4
Calculate the remainder when 34021 is divided by 45.
1
What is the remainder when 2233486 is divided by 10?
6
What is the remainder when 1623533 is divided by 89?
84
What is the remainder when 619553 is divided by 406?
403
What is the remainder when 3901871 is divided by 39?
38
What is the